{"id":1674,"date":"2019-11-01T16:35:11","date_gmt":"2019-11-01T15:35:11","guid":{"rendered":"https:\/\/www.geltinternational.it\/?page_id=1674"},"modified":"2023-03-29T11:55:09","modified_gmt":"2023-03-29T09:55:09","slug":"privacy-and-cookies","status":"publish","type":"page","link":"https:\/\/www.geltinternational.it\/index.php\/privacy-and-cookies\/","title":{"rendered":"Privacy and Cookies"},"content":{"rendered":"<p><strong>INFORMATIVA PER IL TRATTAMENTO DATI DEI VISITATORI DI EVENTI<\/strong><\/p>\n<h5><\/h5>\n<h5>La Societ\u00e0 GELT INTERNATIONAL SRL con sede legale a BOLOGNA (BO) \u2013 40134 VIA ANDREA COSTA 228 &#8211; CODICE FISCALE e P.IVA 03650351202 Tel. 3401382262 PEC geltinternational@legalmail.it in qualit\u00e0 di \u201cTitolare del trattamento\u201d dei dati personali ai sensi dell\u2019art. 4 del Regolamento UE 2016\/679 la informa, ai sensi dell\u2019art. 13 del Regolamento, che tratter\u00e0 i suoi dati personali in via manuale e\/o con il supporto di mezzi informatici per le finalit\u00e0 di seguito indicate.<\/h5>\n<h5><\/h5>\n<p><strong>\u00a0<\/strong><\/p>\n<p><strong>Finalit\u00e0 del trattamento e base giuridica: <\/strong><\/p>\n<p>Le operazioni di trattamento sono svolte con riferimento ai dati personali necessari ai fini dell\u2019invio di newsletter promozionali, contatti commerciali dal nostro ufficio amministrativo, relative a servizi, eventi, spettacoli e manifestazioni organizzati da <strong>GELT INTERNATIONAL SRL<\/strong>. I tipi di dati oggetto di trattamento comprendono, in particolare: dati resi dall\u2019Interessato, in occasione della partecipazione a manifestazioni o eventi organizzati da <strong>GELT INTERNATIONAL SRL<\/strong>; tali dati comprendono, in particolare, il nome, il cognome, l\u2019indirizzo di posta elettronica dell\u2019Interessato, nome azienda e partita iva della stessa. Nello stesso modulo l\u2019Interessato pu\u00f2 indicare, facoltativamente, il proprio prodotto di interesse, provvedendo cos\u00ec alla profilazione. Gli interessati hanno il diritto di revocare il consenso prestato in qualsiasi momento per finalit\u00e0 di marketing e\/o di profilazione, nonch\u00e9 di proporre l\u2019opposizione al trattamento, per motivi connessi alla propria situazione particolare, dei dati nelle ipotesi di esercizio di un pubblico interesse o di legittimo interesse del titolare nonch\u00e9 per finalit\u00e0 di marketing, compresa la profilazione connessa al marketing diretto. Base giuridica \u00e8 il consenso.<\/p>\n<p><strong>\u00a0<\/strong><\/p>\n<p><strong>Destinatari dei dati<\/strong><\/p>\n<p>In alcun caso i dati personali saranno comunicati, diffusi, ceduti o comunque trasferiti a terzi per scopi illeciti e, comunque, senza rendere idonea informativa agli Interessati e acquisirne il consenso, ove richiesto dalla legge. Resta salva l\u2019eventuale comunicazione dei dati su richiesta dell\u2019autorit\u00e0 giudiziaria o di pubblica sicurezza, nei modi e nei casi previsti dalla legge. I dati personali non saranno trasferiti all\u2019estero, verso Paesi o Organizzazioni internazionali non appartenenti all\u2019Unione Europea che non garantiscono un livello di protezione adeguato, riconosciuto, ai sensi dell\u2019art. 45 GDPR, sulla base di una decisione di adeguatezza della Commissione UE.<\/p>\n<p><strong>\u00a0<\/strong><\/p>\n<p><strong>Tempi di conservazione dei dati<\/strong><\/p>\n<p>I dati oggetto di trattamento saranno conservati per un periodo di tempo non superiore a quello necessario ai fini del soddisfacimento dell\u2019interesse legittimo dei titolari del trattamento, salvo, in ogni caso, l\u2019esercizio del diritto di opposizione al trattamento da parte dell\u2019Interessato, con le modalit\u00e0 pi\u00f9 avanti indicate. I dati trattati saranno conservati altres\u00ec nell\u2019ipotesi conclusione di contratto o per le parti precedenti alla fase pre-contrattuale. In caso di mancata instaurazione di rapporto contrattuale, i titolari del trattamento si riservano di conservare i dati acquisiti per un periodo non superiore ai 24 mesi, salvo il diritto di opposizione al trattamento.<\/p>\n<p><strong>\u00a0Accessibilit\u00e0 della informativa<\/strong><\/p>\n<p>L\u2019informativa \u00e8 accessibile all\u2019indirizzo www.geltinternational.it, nonch\u00e9 presso entrambi i Titolari.\u00a0 Se espressamente richiesto, le informazioni possono essere altres\u00ec fornite oralmente, purch\u00e9 sia comprovata l\u2019identit\u00e0 del richiedente, mediante una richiesta telefonica rivolta agli indirizzi del Titolare.<\/p>\n<p><strong>\u00a0<\/strong><\/p>\n<p><strong>Diritti dell\u2019interessato<\/strong><\/p>\n<p>Ai sensi degli articoli 13, comma 2, e da 15 a 21 del Regolamento, La informiamo che in merito al trattamento dei Suoi dati personali Lei potr\u00e0 esercitare i seguenti diritti:<\/p>\n<ol>\n<li>Diritto di ottenere l\u2019accesso ai dati personali;<\/li>\n<li>Diritto di rettifica ed integrazione dei dati personali;<\/li>\n<li>Diritto alla cancellazione dei dati (\u00abdiritto all&#8217;oblio\u00bb);<\/li>\n<li>Diritto alla limitazione del trattamento; diritto di proporre un reclamo al Garante per la protezione dei dati personali, seguendo le procedure e le indicazioni pubblicate sul sito web ufficiale dell\u2019Autorit\u00e0 www.garanteprivacy.it;<\/li>\n<li>Diritto alla portabilit\u00e0 del dato dell\u2019interessato ovvero il diritto di ricevere in un formato strutturato, di uso comune e leggibile da dispositivo automatico i dati personali che lo riguardano forniti a un titolare del trattamento ed eventualmente trasmetterli a un altro titolare del trattamento, qualora il trattamento si basi sul consenso o su un contratto e sia effettuato con mezzi automatizzati. Ove tecnicamente possibile, l\u2019interessato ha il diritto di ottenere la trasmissione diretta dei dati da un titolare del trattamento ad un altro.<\/li>\n<li>Diritto di opporsi in qualsiasi momento al trattamento dei dati personali, compresa la profilazione.<\/li>\n<\/ol>\n<p>L\u2019esercizio dei diritti non \u00e8 soggetto ad alcun vincolo di forma ed \u00e8 gratuito.<\/p>\n<p><strong>\u00a0<\/strong><\/p>\n<p><strong>Il Titolare del trattamento<\/strong><\/p>\n<p>Il Titolare del trattamento \u00e8 <strong>GELT INTERNATIONAL SRL<\/strong><\/p>\n<p><strong>\u00a0<\/strong><\/p>\n<p><strong>Modalit\u00e0 di esercizio dei diritti<\/strong><\/p>\n<p>L\u2019interessato potr\u00e0 in qualsiasi momento esercitare i diritti inviando:<\/p>\n<p>&#8211;\u00a0\u00a0\u00a0\u00a0\u00a0\u00a0\u00a0\u00a0\u00a0\u00a0\u00a0\u00a0\u00a0\u00a0\u00a0\u00a0 una raccomandata A\/R a <strong>GELT INTERNATIONAL SRL<\/strong><strong> &#8211; <\/strong><strong>BOLOGNA (BO) \u2013 40134 VIA ANDREA COSTA 228<\/strong><\/p>\n<p><strong>&#8211;\u00a0\u00a0\u00a0\u00a0\u00a0\u00a0\u00a0\u00a0\u00a0\u00a0 <\/strong>una e-mail all\u2019indirizzo <strong>c.piana@geltinternational.it<\/strong><\/p>\n<p><strong>&#8211;\u00a0\u00a0\u00a0\u00a0\u00a0\u00a0\u00a0\u00a0\u00a0\u00a0 <\/strong>sito internet <strong>https:\/\/www.geltinternational.it\/<\/strong><\/p>\n<p><strong>\u00a0<\/strong><\/p>\n<p>Resta fermo che i diritti sono esercitabili presso entrambi i titolari del trattamento.<\/p>\n<p>Dichiarazione di consenso<\/p>\n<p>A-Presto il consenso al trattamento automatizzato dei mie dati personali come sopra riportato, autorizzo alla profilazione dei miei dati.<\/p>\n<p>presto il consenso<\/p>\n<p>nego il consenso<\/p>\n<p>B- Presto il consenso al trattamento in ordine al trattamento dei miei dati personali per le finalit\u00e0 di cui al punto 3 al trattamento dei miei dati personali per finalit\u00e0 di marketing e di iniziative promozionali e per ricerche di mercato.<\/p>\n<p>presto il consenso<\/p>\n<p>nego il consenso<\/p>\n","protected":false},"excerpt":{"rendered":"<p>INFORMATIVA PER IL TRATTAMENTO DATI DEI VISITATORI DI EVENTI La Societ\u00e0 GELT INTERNATIONAL SRL con sede legale a BOLOGNA (BO) \u2013 40134 VIA ANDREA COSTA 228 &#8211; CODICE FISCALE e P.IVA 03650351202 Tel. 3401382262 PEC geltinternational@legalmail.it in qualit\u00e0 di \u201cTitolare del trattamento\u201d dei dati personali ai sensi dell\u2019art. 4 del Regolamento UE 2016\/679 la informa,&hellip;<\/p>\n","protected":false},"author":1,"featured_media":0,"parent":0,"menu_order":0,"comment_status":"closed","ping_status":"closed","template":"","meta":{"inline_featured_image":false,"footnotes":""},"yoast_head":"<!-- This site is optimized with the Yoast SEO plugin v21.5 - https:\/\/yoast.com\/wordpress\/plugins\/seo\/ -->\n<title>Privacy and Cookies | Gelt International<\/title>\n<meta name=\"robots\" content=\"index, follow, max-snippet:-1, max-image-preview:large, max-video-preview:-1\" \/>\n<link rel=\"canonical\" href=\"https:\/\/www.geltinternational.it\/index.php\/privacy-and-cookies\/\" \/>\n<meta property=\"og:locale\" content=\"it_IT\" \/>\n<meta property=\"og:type\" content=\"article\" \/>\n<meta property=\"og:title\" content=\"Privacy and Cookies | Gelt International\" \/>\n<meta property=\"og:description\" content=\"INFORMATIVA PER IL TRATTAMENTO DATI DEI VISITATORI DI EVENTI La Societ\u00e0 GELT INTERNATIONAL SRL con sede legale a BOLOGNA (BO) \u2013 40134 VIA ANDREA COSTA 228 &#8211; CODICE FISCALE e P.IVA 03650351202 Tel. 3401382262 PEC geltinternational@legalmail.it in qualit\u00e0 di \u201cTitolare del trattamento\u201d dei dati personali ai sensi dell\u2019art. 4 del Regolamento UE 2016\/679 la informa,&hellip;\" \/>\n<meta property=\"og:url\" content=\"https:\/\/www.geltinternational.it\/index.php\/privacy-and-cookies\/\" \/>\n<meta property=\"og:site_name\" content=\"Gelt International\" \/>\n<meta property=\"article:modified_time\" content=\"2023-03-29T09:55:09+00:00\" \/>\n<meta name=\"twitter:card\" content=\"summary_large_image\" \/>\n<meta name=\"twitter:label1\" content=\"Tempo di lettura stimato\" \/>\n\t<meta name=\"twitter:data1\" content=\"4 minuti\" \/>\n<script type=\"application\/ld+json\" class=\"yoast-schema-graph\">{\"@context\":\"https:\/\/schema.org\",\"@graph\":[{\"@type\":\"WebPage\",\"@id\":\"https:\/\/www.geltinternational.it\/index.php\/privacy-and-cookies\/\",\"url\":\"https:\/\/www.geltinternational.it\/index.php\/privacy-and-cookies\/\",\"name\":\"Privacy and Cookies | Gelt International\",\"isPartOf\":{\"@id\":\"https:\/\/www.geltinternational.it\/#website\"},\"datePublished\":\"2019-11-01T15:35:11+00:00\",\"dateModified\":\"2023-03-29T09:55:09+00:00\",\"breadcrumb\":{\"@id\":\"https:\/\/www.geltinternational.it\/index.php\/privacy-and-cookies\/#breadcrumb\"},\"inLanguage\":\"it-IT\",\"potentialAction\":[{\"@type\":\"ReadAction\",\"target\":[\"https:\/\/www.geltinternational.it\/index.php\/privacy-and-cookies\/\"]}]},{\"@type\":\"BreadcrumbList\",\"@id\":\"https:\/\/www.geltinternational.it\/index.php\/privacy-and-cookies\/#breadcrumb\",\"itemListElement\":[{\"@type\":\"ListItem\",\"position\":1,\"name\":\"Home\",\"item\":\"https:\/\/www.geltinternational.it\/\"},{\"@type\":\"ListItem\",\"position\":2,\"name\":\"Privacy and Cookies\"}]},{\"@type\":\"WebSite\",\"@id\":\"https:\/\/www.geltinternational.it\/#website\",\"url\":\"https:\/\/www.geltinternational.it\/\",\"name\":\"Gelt International\",\"description\":\"Scientific Consulting\",\"publisher\":{\"@id\":\"https:\/\/www.geltinternational.it\/#organization\"},\"potentialAction\":[{\"@type\":\"SearchAction\",\"target\":{\"@type\":\"EntryPoint\",\"urlTemplate\":\"https:\/\/www.geltinternational.it\/?s={search_term_string}\"},\"query-input\":\"required name=search_term_string\"}],\"inLanguage\":\"it-IT\"},{\"@type\":\"Organization\",\"@id\":\"https:\/\/www.geltinternational.it\/#organization\",\"name\":\"Gelt International srl\",\"url\":\"https:\/\/www.geltinternational.it\/\",\"logo\":{\"@type\":\"ImageObject\",\"inLanguage\":\"it-IT\",\"@id\":\"https:\/\/www.geltinternational.it\/#\/schema\/logo\/image\/\",\"url\":\"https:\/\/www.geltinternational.it\/wp-content\/uploads\/2017\/10\/logo_gelt.jpg\",\"contentUrl\":\"https:\/\/www.geltinternational.it\/wp-content\/uploads\/2017\/10\/logo_gelt.jpg\",\"width\":600,\"height\":84,\"caption\":\"Gelt International srl\"},\"image\":{\"@id\":\"https:\/\/www.geltinternational.it\/#\/schema\/logo\/image\/\"},\"sameAs\":[\"https:\/\/www.linkedin.com\/company\/gelt-international\/\"]}]}<\/script>\n<!-- \/ Yoast SEO plugin. -->","yoast_head_json":{"title":"Privacy and Cookies | Gelt International","robots":{"index":"index","follow":"follow","max-snippet":"max-snippet:-1","max-image-preview":"max-image-preview:large","max-video-preview":"max-video-preview:-1"},"canonical":"https:\/\/www.geltinternational.it\/index.php\/privacy-and-cookies\/","og_locale":"it_IT","og_type":"article","og_title":"Privacy and Cookies | Gelt International","og_description":"INFORMATIVA PER IL TRATTAMENTO DATI DEI VISITATORI DI EVENTI La Societ\u00e0 GELT INTERNATIONAL SRL con sede legale a BOLOGNA (BO) \u2013 40134 VIA ANDREA COSTA 228 &#8211; CODICE FISCALE e P.IVA 03650351202 Tel. 3401382262 PEC geltinternational@legalmail.it in qualit\u00e0 di \u201cTitolare del trattamento\u201d dei dati personali ai sensi dell\u2019art. 4 del Regolamento UE 2016\/679 la informa,&hellip;","og_url":"https:\/\/www.geltinternational.it\/index.php\/privacy-and-cookies\/","og_site_name":"Gelt International","article_modified_time":"2023-03-29T09:55:09+00:00","twitter_card":"summary_large_image","twitter_misc":{"Tempo di lettura stimato":"4 minuti"},"schema":{"@context":"https:\/\/schema.org","@graph":[{"@type":"WebPage","@id":"https:\/\/www.geltinternational.it\/index.php\/privacy-and-cookies\/","url":"https:\/\/www.geltinternational.it\/index.php\/privacy-and-cookies\/","name":"Privacy and Cookies | Gelt International","isPartOf":{"@id":"https:\/\/www.geltinternational.it\/#website"},"datePublished":"2019-11-01T15:35:11+00:00","dateModified":"2023-03-29T09:55:09+00:00","breadcrumb":{"@id":"https:\/\/www.geltinternational.it\/index.php\/privacy-and-cookies\/#breadcrumb"},"inLanguage":"it-IT","potentialAction":[{"@type":"ReadAction","target":["https:\/\/www.geltinternational.it\/index.php\/privacy-and-cookies\/"]}]},{"@type":"BreadcrumbList","@id":"https:\/\/www.geltinternational.it\/index.php\/privacy-and-cookies\/#breadcrumb","itemListElement":[{"@type":"ListItem","position":1,"name":"Home","item":"https:\/\/www.geltinternational.it\/"},{"@type":"ListItem","position":2,"name":"Privacy and Cookies"}]},{"@type":"WebSite","@id":"https:\/\/www.geltinternational.it\/#website","url":"https:\/\/www.geltinternational.it\/","name":"Gelt International","description":"Scientific Consulting","publisher":{"@id":"https:\/\/www.geltinternational.it\/#organization"},"potentialAction":[{"@type":"SearchAction","target":{"@type":"EntryPoint","urlTemplate":"https:\/\/www.geltinternational.it\/?s={search_term_string}"},"query-input":"required name=search_term_string"}],"inLanguage":"it-IT"},{"@type":"Organization","@id":"https:\/\/www.geltinternational.it\/#organization","name":"Gelt International srl","url":"https:\/\/www.geltinternational.it\/","logo":{"@type":"ImageObject","inLanguage":"it-IT","@id":"https:\/\/www.geltinternational.it\/#\/schema\/logo\/image\/","url":"https:\/\/www.geltinternational.it\/wp-content\/uploads\/2017\/10\/logo_gelt.jpg","contentUrl":"https:\/\/www.geltinternational.it\/wp-content\/uploads\/2017\/10\/logo_gelt.jpg","width":600,"height":84,"caption":"Gelt International srl"},"image":{"@id":"https:\/\/www.geltinternational.it\/#\/schema\/logo\/image\/"},"sameAs":["https:\/\/www.linkedin.com\/company\/gelt-international\/"]}]}},"_links":{"self":[{"href":"https:\/\/www.geltinternational.it\/index.php\/wp-json\/wp\/v2\/pages\/1674"}],"collection":[{"href":"https:\/\/www.geltinternational.it\/index.php\/wp-json\/wp\/v2\/pages"}],"about":[{"href":"https:\/\/www.geltinternational.it\/index.php\/wp-json\/wp\/v2\/types\/page"}],"author":[{"embeddable":true,"href":"https:\/\/www.geltinternational.it\/index.php\/wp-json\/wp\/v2\/users\/1"}],"replies":[{"embeddable":true,"href":"https:\/\/www.geltinternational.it\/index.php\/wp-json\/wp\/v2\/comments?post=1674"}],"version-history":[{"count":4,"href":"https:\/\/www.geltinternational.it\/index.php\/wp-json\/wp\/v2\/pages\/1674\/revisions"}],"predecessor-version":[{"id":3005,"href":"https:\/\/www.geltinternational.it\/index.php\/wp-json\/wp\/v2\/pages\/1674\/revisions\/3005"}],"wp:attachment":[{"href":"https:\/\/www.geltinternational.it\/index.php\/wp-json\/wp\/v2\/media?parent=1674"}],"curies":[{"name":"wp","href":"https:\/\/api.w.org\/{rel}","templated":true}]}}