{"id":3186,"date":"2026-04-23T15:44:22","date_gmt":"2026-04-23T13:44:22","guid":{"rendered":"https:\/\/www.geltinternational.it\/?page_id=3186"},"modified":"2026-04-23T16:04:21","modified_gmt":"2026-04-23T14:04:21","slug":"fondo-transizione-digitale_2025","status":"publish","type":"page","link":"https:\/\/www.geltinternational.it\/index.php\/fondo-transizione-digitale_2025\/","title":{"rendered":"Fondo Transizione Digitale_2025"},"content":{"rendered":"<p>[vc_row ihr_clinic_row_no_padding_top=&#8221;yes&#8221;][vc_column][vc_column_text]<\/p>\n<h2><span style=\"color: #7a2a90;\">Bando per la transizione digitale delle imprese dell&#8217;Emilia-Romagna (Anno 2025)<\/span><\/h2>\n<p>[\/vc_column_text][vc_empty_space][vc_single_image image=&#8221;3189&#8243; img_size=&#8221;large&#8221; alignment=&#8221;center&#8221;][vc_empty_space][vc_column_text]<\/p>\n<h4><strong>Digitalizzazione dei servizi di laboratorio per la simulazione e l\u2019ottimizzazione dei processi di produzione di energia da fonti rinnovabili, tramite l\u2019introduzione di tecnologie interconnesse per l\u2019analisi delle matrici organiche e la gestione centralizzata dei dati tecnici<\/strong><\/h4>\n<p>Gli interventi realizzati nell\u2019ambito del progetto hanno riguardato l\u2019introduzione e l\u2019integrazione di nuove tecnologie digitali e strumentazioni analitiche avanzate finalizzate alla digitalizzazione dei servizi di laboratorio per l\u2019analisi e la simulazione dei processi di produzione di energia da fonti rinnovabili. L\u2019integrazione tra le strumentazioni analitiche e il software ha consentito di creare un\u2019infrastruttura digitale in grado di supportare in modo strutturato le attivit\u00e0 di laboratorio. I dati tecnici prodotti dagli strumenti possono essere organizzati e archiviati in modo sistematico, facilitando la produzione di report tecnici, il confronto tra diverse tipologie di matrici e la valorizzazione delle informazioni raccolte nel tempo. Questo approccio contribuisce a rafforzare l\u2019organizzazione interna dei processi e a migliorare la qualit\u00e0 del servizio tecnico offerto dall\u2019impresa.<\/p>\n<p>Per effetto degli interventi realizzati, l\u2019azienda ha conseguito risultati rilevanti in termini di miglioramento dell\u2019efficienza operativa, maggiore affidabilit\u00e0 dei dati analitici e incremento del livello di digitalizzazione dei processi interni. L\u2019infrastruttura tecnologica introdotta consente infatti una gestione pi\u00f9 strutturata delle attivit\u00e0 di analisi, favorendo la standardizzazione delle procedure e una pi\u00f9 efficace gestione dei flussi informativi aziendali.<\/p>\n<p>&nbsp;[\/vc_column_text][\/vc_column][\/vc_row]<\/p>\n","protected":false},"excerpt":{"rendered":"<p>[vc_row ihr_clinic_row_no_padding_top=&#8221;yes&#8221;][vc_column][vc_column_text] Bando per la transizione digitale delle imprese dell&#8217;Emilia-Romagna (Anno 2025) [\/vc_column_text][vc_empty_space][vc_single_image image=&#8221;3189&#8243; img_size=&#8221;large&#8221; alignment=&#8221;center&#8221;][vc_empty_space][vc_column_text] Digitalizzazione dei servizi di laboratorio per la simulazione e l\u2019ottimizzazione dei processi di produzione di energia da fonti rinnovabili, tramite l\u2019introduzione di tecnologie interconnesse per l\u2019analisi delle matrici organiche e la gestione centralizzata dei dati tecnici Gli interventi realizzati&hellip;<\/p>\n","protected":false},"author":2,"featured_media":0,"parent":0,"menu_order":0,"comment_status":"closed","ping_status":"closed","template":"","meta":{"inline_featured_image":false,"footnotes":""},"yoast_head":"<!-- This site is optimized with the Yoast SEO plugin v21.5 - https:\/\/yoast.com\/wordpress\/plugins\/seo\/ -->\n<title>Fondo Transizione Digitale_2025 | Gelt International<\/title>\n<meta name=\"robots\" content=\"index, follow, max-snippet:-1, max-image-preview:large, max-video-preview:-1\" \/>\n<link rel=\"canonical\" href=\"https:\/\/www.geltinternational.it\/index.php\/fondo-transizione-digitale_2025\/\" \/>\n<meta property=\"og:locale\" content=\"it_IT\" \/>\n<meta property=\"og:type\" content=\"article\" \/>\n<meta property=\"og:title\" content=\"Fondo Transizione Digitale_2025 | Gelt International\" \/>\n<meta property=\"og:description\" content=\"[vc_row ihr_clinic_row_no_padding_top=&#8221;yes&#8221;][vc_column][vc_column_text] Bando per la transizione digitale delle imprese dell&#8217;Emilia-Romagna (Anno 2025) [\/vc_column_text][vc_empty_space][vc_single_image image=&#8221;3189&#8243; img_size=&#8221;large&#8221; alignment=&#8221;center&#8221;][vc_empty_space][vc_column_text] Digitalizzazione dei servizi di laboratorio per la simulazione e l\u2019ottimizzazione dei processi di produzione di energia da fonti rinnovabili, tramite l\u2019introduzione di tecnologie interconnesse per l\u2019analisi delle matrici organiche e la gestione centralizzata dei dati tecnici Gli interventi realizzati&hellip;\" \/>\n<meta property=\"og:url\" content=\"https:\/\/www.geltinternational.it\/index.php\/fondo-transizione-digitale_2025\/\" \/>\n<meta property=\"og:site_name\" content=\"Gelt International\" \/>\n<meta property=\"article:modified_time\" content=\"2026-04-23T14:04:21+00:00\" \/>\n<meta name=\"twitter:card\" content=\"summary_large_image\" \/>\n<meta name=\"twitter:label1\" content=\"Tempo di lettura stimato\" \/>\n\t<meta name=\"twitter:data1\" content=\"1 minuto\" \/>\n<script type=\"application\/ld+json\" class=\"yoast-schema-graph\">{\"@context\":\"https:\/\/schema.org\",\"@graph\":[{\"@type\":\"WebPage\",\"@id\":\"https:\/\/www.geltinternational.it\/index.php\/fondo-transizione-digitale_2025\/\",\"url\":\"https:\/\/www.geltinternational.it\/index.php\/fondo-transizione-digitale_2025\/\",\"name\":\"Fondo Transizione Digitale_2025 | Gelt International\",\"isPartOf\":{\"@id\":\"https:\/\/www.geltinternational.it\/#website\"},\"datePublished\":\"2026-04-23T13:44:22+00:00\",\"dateModified\":\"2026-04-23T14:04:21+00:00\",\"breadcrumb\":{\"@id\":\"https:\/\/www.geltinternational.it\/index.php\/fondo-transizione-digitale_2025\/#breadcrumb\"},\"inLanguage\":\"it-IT\",\"potentialAction\":[{\"@type\":\"ReadAction\",\"target\":[\"https:\/\/www.geltinternational.it\/index.php\/fondo-transizione-digitale_2025\/\"]}]},{\"@type\":\"BreadcrumbList\",\"@id\":\"https:\/\/www.geltinternational.it\/index.php\/fondo-transizione-digitale_2025\/#breadcrumb\",\"itemListElement\":[{\"@type\":\"ListItem\",\"position\":1,\"name\":\"Home\",\"item\":\"https:\/\/www.geltinternational.it\/\"},{\"@type\":\"ListItem\",\"position\":2,\"name\":\"Fondo Transizione Digitale_2025\"}]},{\"@type\":\"WebSite\",\"@id\":\"https:\/\/www.geltinternational.it\/#website\",\"url\":\"https:\/\/www.geltinternational.it\/\",\"name\":\"Gelt International\",\"description\":\"Scientific Consulting\",\"publisher\":{\"@id\":\"https:\/\/www.geltinternational.it\/#organization\"},\"potentialAction\":[{\"@type\":\"SearchAction\",\"target\":{\"@type\":\"EntryPoint\",\"urlTemplate\":\"https:\/\/www.geltinternational.it\/?s={search_term_string}\"},\"query-input\":\"required name=search_term_string\"}],\"inLanguage\":\"it-IT\"},{\"@type\":\"Organization\",\"@id\":\"https:\/\/www.geltinternational.it\/#organization\",\"name\":\"Gelt International srl\",\"url\":\"https:\/\/www.geltinternational.it\/\",\"logo\":{\"@type\":\"ImageObject\",\"inLanguage\":\"it-IT\",\"@id\":\"https:\/\/www.geltinternational.it\/#\/schema\/logo\/image\/\",\"url\":\"https:\/\/www.geltinternational.it\/wp-content\/uploads\/2017\/10\/logo_gelt.jpg\",\"contentUrl\":\"https:\/\/www.geltinternational.it\/wp-content\/uploads\/2017\/10\/logo_gelt.jpg\",\"width\":600,\"height\":84,\"caption\":\"Gelt International srl\"},\"image\":{\"@id\":\"https:\/\/www.geltinternational.it\/#\/schema\/logo\/image\/\"},\"sameAs\":[\"https:\/\/www.linkedin.com\/company\/gelt-international\/\"]}]}<\/script>\n<!-- \/ Yoast SEO plugin. -->","yoast_head_json":{"title":"Fondo Transizione Digitale_2025 | Gelt International","robots":{"index":"index","follow":"follow","max-snippet":"max-snippet:-1","max-image-preview":"max-image-preview:large","max-video-preview":"max-video-preview:-1"},"canonical":"https:\/\/www.geltinternational.it\/index.php\/fondo-transizione-digitale_2025\/","og_locale":"it_IT","og_type":"article","og_title":"Fondo Transizione Digitale_2025 | Gelt International","og_description":"[vc_row ihr_clinic_row_no_padding_top=&#8221;yes&#8221;][vc_column][vc_column_text] Bando per la transizione digitale delle imprese dell&#8217;Emilia-Romagna (Anno 2025) [\/vc_column_text][vc_empty_space][vc_single_image image=&#8221;3189&#8243; img_size=&#8221;large&#8221; alignment=&#8221;center&#8221;][vc_empty_space][vc_column_text] Digitalizzazione dei servizi di laboratorio per la simulazione e l\u2019ottimizzazione dei processi di produzione di energia da fonti rinnovabili, tramite l\u2019introduzione di tecnologie interconnesse per l\u2019analisi delle matrici organiche e la gestione centralizzata dei dati tecnici Gli interventi realizzati&hellip;","og_url":"https:\/\/www.geltinternational.it\/index.php\/fondo-transizione-digitale_2025\/","og_site_name":"Gelt International","article_modified_time":"2026-04-23T14:04:21+00:00","twitter_card":"summary_large_image","twitter_misc":{"Tempo di lettura stimato":"1 minuto"},"schema":{"@context":"https:\/\/schema.org","@graph":[{"@type":"WebPage","@id":"https:\/\/www.geltinternational.it\/index.php\/fondo-transizione-digitale_2025\/","url":"https:\/\/www.geltinternational.it\/index.php\/fondo-transizione-digitale_2025\/","name":"Fondo Transizione Digitale_2025 | Gelt International","isPartOf":{"@id":"https:\/\/www.geltinternational.it\/#website"},"datePublished":"2026-04-23T13:44:22+00:00","dateModified":"2026-04-23T14:04:21+00:00","breadcrumb":{"@id":"https:\/\/www.geltinternational.it\/index.php\/fondo-transizione-digitale_2025\/#breadcrumb"},"inLanguage":"it-IT","potentialAction":[{"@type":"ReadAction","target":["https:\/\/www.geltinternational.it\/index.php\/fondo-transizione-digitale_2025\/"]}]},{"@type":"BreadcrumbList","@id":"https:\/\/www.geltinternational.it\/index.php\/fondo-transizione-digitale_2025\/#breadcrumb","itemListElement":[{"@type":"ListItem","position":1,"name":"Home","item":"https:\/\/www.geltinternational.it\/"},{"@type":"ListItem","position":2,"name":"Fondo Transizione Digitale_2025"}]},{"@type":"WebSite","@id":"https:\/\/www.geltinternational.it\/#website","url":"https:\/\/www.geltinternational.it\/","name":"Gelt International","description":"Scientific Consulting","publisher":{"@id":"https:\/\/www.geltinternational.it\/#organization"},"potentialAction":[{"@type":"SearchAction","target":{"@type":"EntryPoint","urlTemplate":"https:\/\/www.geltinternational.it\/?s={search_term_string}"},"query-input":"required name=search_term_string"}],"inLanguage":"it-IT"},{"@type":"Organization","@id":"https:\/\/www.geltinternational.it\/#organization","name":"Gelt International srl","url":"https:\/\/www.geltinternational.it\/","logo":{"@type":"ImageObject","inLanguage":"it-IT","@id":"https:\/\/www.geltinternational.it\/#\/schema\/logo\/image\/","url":"https:\/\/www.geltinternational.it\/wp-content\/uploads\/2017\/10\/logo_gelt.jpg","contentUrl":"https:\/\/www.geltinternational.it\/wp-content\/uploads\/2017\/10\/logo_gelt.jpg","width":600,"height":84,"caption":"Gelt International srl"},"image":{"@id":"https:\/\/www.geltinternational.it\/#\/schema\/logo\/image\/"},"sameAs":["https:\/\/www.linkedin.com\/company\/gelt-international\/"]}]}},"_links":{"self":[{"href":"https:\/\/www.geltinternational.it\/index.php\/wp-json\/wp\/v2\/pages\/3186"}],"collection":[{"href":"https:\/\/www.geltinternational.it\/index.php\/wp-json\/wp\/v2\/pages"}],"about":[{"href":"https:\/\/www.geltinternational.it\/index.php\/wp-json\/wp\/v2\/types\/page"}],"author":[{"embeddable":true,"href":"https:\/\/www.geltinternational.it\/index.php\/wp-json\/wp\/v2\/users\/2"}],"replies":[{"embeddable":true,"href":"https:\/\/www.geltinternational.it\/index.php\/wp-json\/wp\/v2\/comments?post=3186"}],"version-history":[{"count":5,"href":"https:\/\/www.geltinternational.it\/index.php\/wp-json\/wp\/v2\/pages\/3186\/revisions"}],"predecessor-version":[{"id":3197,"href":"https:\/\/www.geltinternational.it\/index.php\/wp-json\/wp\/v2\/pages\/3186\/revisions\/3197"}],"wp:attachment":[{"href":"https:\/\/www.geltinternational.it\/index.php\/wp-json\/wp\/v2\/media?parent=3186"}],"curies":[{"name":"wp","href":"https:\/\/api.w.org\/{rel}","templated":true}]}}

<p>[vc_row ihr_clinic_row_no_padding_top=&#8221;yes&#8221;][vc_column][vc_column_text]</p>
<h2><span style="color: #7a2a90;">Bando per la transizione digitale delle imprese dell&#8217;Emilia-Romagna (Anno 2025)</span></h2>
<p>[/vc_column_text][vc_empty_space][vc_single_image image=&#8221;3189&#8243; img_size=&#8221;large&#8221; alignment=&#8221;center&#8221;][vc_empty_space][vc_column_text]</p>
<h4><strong>Digitalizzazione dei servizi di laboratorio per la simulazione e l’ottimizzazione dei processi di produzione di energia da fonti rinnovabili, tramite l’introduzione di tecnologie interconnesse per l’analisi delle matrici organiche e la gestione centralizzata dei dati tecnici</strong></h4>
<p>Gli interventi realizzati nell’ambito del progetto hanno riguardato l’introduzione e l’integrazione di nuove tecnologie digitali e strumentazioni analitiche avanzate finalizzate alla digitalizzazione dei servizi di laboratorio per l’analisi e la simulazione dei processi di produzione di energia da fonti rinnovabili. L’integrazione tra le strumentazioni analitiche e il software ha consentito di creare un’infrastruttura digitale in grado di supportare in modo strutturato le attività di laboratorio. I dati tecnici prodotti dagli strumenti possono essere organizzati e archiviati in modo sistematico, facilitando la produzione di report tecnici, il confronto tra diverse tipologie di matrici e la valorizzazione delle informazioni raccolte nel tempo. Questo approccio contribuisce a rafforzare l’organizzazione interna dei processi e a migliorare la qualità del servizio tecnico offerto dall’impresa.</p>
<p>Per effetto degli interventi realizzati, l’azienda ha conseguito risultati rilevanti in termini di miglioramento dell’efficienza operativa, maggiore affidabilità dei dati analitici e incremento del livello di digitalizzazione dei processi interni. L’infrastruttura tecnologica introdotta consente infatti una gestione più strutturata delle attività di analisi, favorendo la standardizzazione delle procedure e una più efficace gestione dei flussi informativi aziendali.</p>
<p>&nbsp;[/vc_column_text][/vc_column][/vc_row]</p>
